242649?
13, 709, 175897
List the prime factors of 22588786.
2, 11, 41, 79, 317
What are the prime factors of 8517954092?
2, 151, 14102573
What are the prime factors of 500174253?
3, 55574917
List the prime factors of 229975738.
2, 251, 458119
List the prime factors of 463774503.
3, 154591501
What are the prime factors of 3272100988?
2, 13, 62925019
What are the prime factors of 355946505?
3, 5, 23, 1031729
What are the prime factors of 2094196820?
2, 5, 439, 238519
What are the prime factors of 1305372888?
2, 3, 6043393
What are the prime factors of 3147187949?
19, 401, 413071
List the prime factors of 678162064.
2, 42385129
What are the prime factors of 890915202?
2, 3, 49495289
List the prime factors of 95693059.
7, 11, 1242767
What are the prime factors of 2512344154?
2, 89, 1307, 10799
What are the prime factors of 40964406?
2, 3, 7, 975343
List the prime factors of 2484451519.
11, 17, 199, 66763
List the prime factors of 752736831.
3, 7, 11, 3258601
List the prime factors of 196171170.
2, 3, 5, 13, 503003
List the prime factors of 107389945.
5, 13, 67, 24659
List the prime factors of 14451457.
19, 53, 113, 127
List the prime factors of 33505587.
3, 3722843
List the prime factors of 231588950.
2, 5, 241, 19219
List the prime factors of 1176427083.
3, 13, 137, 16937
List the prime factors of 409217999.
17, 571, 42157
List the prime factors of 844373893.
11, 76761263
List the prime factors of 7556584.
2, 7, 37, 521
List the prime factors of 1915838572.
2, 73, 6561091
List the prime factors of 1291053686.
2, 13, 19, 67, 2053
What are the prime factors of 937070931?
3, 312356977
What are the prime factors of 66844137?
3, 22281379
What are the prime factors of 31291901?
71, 440731
List the prime factors of 28093715.
5, 13, 33247
List the prime factors of 2939281162.
2, 167, 263, 33461
What are the prime factors of 34205775?
3, 5, 167, 2731
List the prime factors of 2516049733.
3169, 793957
List the prime factors of 3163802725.
5, 59, 2144951
What are the prime factors of 20929375?
5, 33487
List the prime factors of 129432467.
1801, 71867
What are the prime factors of 77920058?
2, 61, 638689
What are the prime factors of 94999414?
2, 47499707
What are the prime factors of 1307145456?
2, 3, 9077399
List the prime factors of 470649465.
3, 5, 11, 13, 61, 109
List the prime factors of 332988412.
2, 127, 655489
What are the prime factors of 52648562?
2, 26324281
What are the prime factors of 2652816671?
13007, 203953
List the prime factors of 582776619.
3, 4049, 47977
What are the prime factors of 67300383?
3, 22433461
List the prime factors of 77691659.
67, 1159577
List the prime factors of 165918932.
2, 661, 62753
List the prime factors of 669814097.
653, 1025749
What are the prime factors of 78640812?
2, 3, 191, 11437
What are the prime factors of 4090402?
2, 1187, 1723
List the prime factors of 831497683.
831497683
What are the prime factors of 34540103?
13, 421, 6311
List the prime factors of 2641094902.
2, 29, 191, 8221
What are the prime factors of 32599103?
29, 1124107
What are the prime factors of 602819717?
271, 797, 2791
What are the prime factors of 2223909696?
2, 3, 61, 317, 599
What are the prime factors of 1412313558?
2, 3, 83, 2835971
What are the prime factors of 107564929?
71, 83, 18253
List the prime factors of 22929922.
2, 19, 43, 14033
What are the prime factors of 2370969924?
2, 3, 197580827
List the prime factors of 390152808.
2, 3, 1806263
What are the prime factors of 199436651?
47, 1181, 3593
List the prime factors of 88988619.
3, 191, 155303
List the prime factors of 205545971.
19, 173, 62533
What are the prime factors of 564406662?
2, 3, 1151, 81727
List the prime factors of 1178750025.
3, 5, 19, 103, 2677
What are the prime factors of 495360058?
2, 19, 211, 61781
List the prime factors of 129265627.
283, 456769
List the prime factors of 10216944.
2, 3, 70951
List the prime factors of 255475418.
2, 11, 11612519
What are the prime factors of 273422198?
2, 7, 19, 271, 3793
What are the prime factors of 4410148661?
4410148661
What are the prime factors of 84936564?
2, 3, 2359349
What are the prime factors of 50073410?
2, 5, 5007341
List the prime factors of 7626492.
2, 3, 41, 5167
What are the prime factors of 1242784790?
2, 5, 13, 9559883
What are the prime factors of 1658761357?
11, 23, 6556369
What are the prime factors of 7628833415?
5, 7, 217966669
List the prime factors of 1075756677.
3, 9817, 36527
List the prime factors of 197002110.
2, 3, 5, 67, 98011
What are the prime factors of 55632778?
2, 2713, 10253
List the prime factors of 187391423.
523, 358301
List the prime factors of 443840139.
3, 2837, 17383
List the prime factors of 355226806.
2, 11, 16146673
List the prime factors of 260038863.
3, 7, 271, 5077
What are the prime factors of 4215866265?
3, 5, 13, 2402203
What are the prime factors of 1253354191?
1253354191
What are the prime factors of 1426934932?
2, 257, 1388069
List the prime factors of 22757225.
5, 271, 3359
What are the prime factors of 95151425?
5, 191, 19927
What are the prime factors of 134239051?
461, 291191
List the prime factors of 523681853.
31, 1571, 10753
What are the prime factors of 67120279?
23, 2918273
List the prime factors of 2631908930.
2, 5, 7, 461, 81559
What are the prime factors of 2324038066?
2, 7, 479, 346561
List the prime factors of 129336701.
13, 631, 15767
What are the prime factors of 1895531190?
2, 3, 5, 7, 184211
List the prime factors of 2074629666.
2, 3, 29, 11923159
List the prime factors of 82081452.
2, 3, 491, 13931
What are the prime factors of 60507288?
2, 3, 31, 27109
List the prime factors of 333538006.
2, 139, 1199777
List the prime factors of 356138262.
2, 3, 6595153
List the prime factors of 217836099.
3, 13, 197, 727
What are the prime factors of 414100920?
2, 3, 5, 3450841
What are the prime factors of 1040591176?
2, 130073897
List the prime factors of 1012094678.
2, 7, 53, 1364009
List the prime factors of 1463885234.
2, 7, 103, 331, 3067
What are the prime factors of 153454104?
2, 3, 17, 125371
What are the prime factors of 2259954530?
2, 5, 225995453
List the prime factors of 12121183.
19, 607, 1051
List the prime factors of 598863181.
7, 85551883
List the prime factors of 231554601.
3, 25728289
List the prime factors of 266426677.
11, 37, 654611
List the prime factors of 40979537.
17, 23, 311, 337
What are the prime factors of 761500688?
2, 13, 211, 17351
What are the prime factors of 262125484?
2, 4027, 16273
What are the prime factors of 15138629?
11, 139, 9901
List the prime factors of 1293487944.
2, 3, 7, 7699333
List the prime factors of 105160849.
105160849
What are the prime factors of 866463965?
5, 37, 4683589
What are the prime factors of 40133550?
2, 3, 5, 267557
List the prime factors of 565869766.
2, 7, 11, 43, 85453
What are the prime factors of 103705476?
2, 3, 7, 277, 4457
What are the prime factors of 17370412?
2, 1499, 2897
What are the prime factors of 51414173?
2969, 17317
What are the prime factors of 1131204802?
2, 7, 13, 71, 87541
What are the prime factors of 25465301?
19, 23, 3067
List the prime factors of 883353224.
2, 13, 29, 173, 1693
List the prime factors of 4000261756.
2, 457, 2188327
What are the prime factors of 89988530?
2, 5, 1973, 4561
What are the prime factors of 44097739?
7, 23, 273899
List the prime factors of 1203989583.
3, 37, 149, 72797
What are the prime factors of 227117807?
7, 17, 487, 3919
List the prime factors of 12615432.
2, 3, 97, 5419
List the prime factors of 1081343063.
1301, 831163
What are the prime factors of 2032138473?
3, 41, 16521451
List the prime factors of 29690085.
3, 5, 1979339
What are the prime factors of 21383144?
2, 17, 157229
List the prime factors of 69863630.
2, 5, 317, 22039
List the prime factors of 521344776.
2, 3, 21722699
What are the prime factors of 84722398?
2, 29, 1460731
What are the prime factors of 93522224?
2, 5845139
What are the prime factors of 40425547?
43, 857, 1097
What are the prime factors of 545801838?
2, 3, 43, 2115511
List the prime factors of 49927331.
4861, 10271
What are the prime factors of 136702983?
3, 45567661
List the prime factors of 19768001.
11, 419, 4289
What are the prime factors of 634835291?
634835291
What are the prime factors of 150986412?